2).
3
Calculate -32 + 35 + 1 + 2 - (-1 - -7).
0
-3 - -6 - (231 - 248)
20
What is the value of 310 + -281 - (36 - 1)?
-6
Calculate -46 + 37 + (-4 + 31 - 6).
12
Calculate -7 + 8 + (-27 - 3) + 6 + -2.
-25
Calculate (-7 - -3) + 0 - (26 + -19).
-11
4 - (-5 - 2) - 1
10
Calculate (-13 - (-5 - -21)) + 11.
-18
11 - (-25 + 17) - -9
28
What is (6 - (4 + -2 + 4 - 7)) + -4?
3
Evaluate -5 + (-36 - (14 - (21 + 0))).
-34
21 + -2 + 16 + -14 - 13
8
What is the value of 2 - (-5 + (-3 - -7) - -12) - -36?
27
Calculate (-5 + 1 - (-7 - 0)) + -1 + -4.
-2
What is the value of 2 + -1 + -4 + (11 - 9) - -7?
6
What is (16 - -2 - 40) + 12?
-10
What is (2 - (2 - -9)) + 6 + 17 + 25?
39
Evaluate (4 - (-2 - -10)) + 15 + (-176 - -173).
8
(13 - (6 + 5)) + 7
9
What is 0 + -71 + (3358 - 3320)?
-33
-2 - (10 + 0 + 9 + (0 - 13))
-8
What is the value of -10 + -1 - (-15 - (9 - 16))?
-3
-19 + 6 + (26 - 32)
-19
Calculate 30 - (-43 + 29 + 52).
-8
0 + -3 + 4 - 1 - 4
-4
What is the value of 1 - ((-1 - 6) + 19 + (-7 - 1))?
-3
What is (-11 - -78 - (13 - -6)) + -15?
33
Evaluate 5 + 3 + (3 - (-4 - (0 + -6))).
9
Calculate (5 - 0) + (1 - (9 + 12 + 14)).
-29
-4 + 14 + -10 - 15 - -50
35
What is 2 - -1 - (43 + (14 - 28)) - -7?
-19
What is the value of -14 + 3 - (-9 - -8)?
-10
Calculate (-14 - -25) + (-5 - (8 - 6)) + -1.
3
Evaluate -14 + 1 + -10 - -35.
12
Calculate -1 - (2 - (2 - 6) - 3).
-4
3 + 1 - (-2 + (-5 + -1 - -26))
-14
What is (5 - 9 - 2) + 9?
3
Evaluate -12 - -6 - (-2 + -8).
4
What is the value of 93 + -92 + -11 + 0 + 1?
-9
What is the value of (4 - -3) + 4 + -9 + 4 - -4?
10
Calculate 8 - (-7 + (9 + -3 - -3)).
6
What is the value of (-23 + 9 - -10) + 2 + 3?
1
What is the value of (15 + -9 - -2) + -4?
4
Evaluate (4 + -5 - -3 - -1) + 3 + -9.
-3
Evaluate (8 - 41) + 1 + 9 + 3.
-20
What is (32 + (29 - 50) - (0 + -12)) + -2?
21
What is the value of (2 - 2) + (-2 + -3 - (-13 + 2))?
6
7 + 0 - 9 - (13 - 17)
2
What is (-5 - (5 + (0 - 6))) + 4?
0
3 + (-23 - -15 - 5)
-10
Evaluate -7 - ((0 - -2) + 16 + -12) - 2.
-15
-7 + 4 + 6 + 7 + -17
-7
What is the value of (1 - 0) + -6 - (-11 + -6 + -4)?
16
Evaluate 0 + (-9 - -21 - 18 - (-2 + -13)).
9
Evaluate (7 - 9) + 0 + -4 + -9.
-15
-2 + 18 - (4 + 9 + (10 - 20))
13
What is (5 - 14 - 0) + 2 + 3?
-4
-9 - -11 - ((48 - 23) + 3 + -11)
-15
(3 - 0) + 6 - (31 - -6 - 0)
-28
Evaluate (-37 - -30 - -15) + (3 - (-6 - -3)).
14
What is 8 + (-28 - (-14 + 0))?
-6
Evaluate -5 + 10 + 11 + -14 + -9.
-7
What is (2 - -2) + -2 + 1 - (-322 + 324)?
1
Calculate -8 - (10 + (-21 - -22)).
-19
Evaluate -4 + -20 - (-6 + (1 - -3)) - -3.
-19
What is the value of -6 + -1 - (-14 - -11) - 3?
-7
Evaluate -6 - (7 - 14 - -5 - -2 - 20).
14
What is the value of 8 + 0 - (3 + -21 + 11 - -9)?
6
Evaluate -4 - (-3 + (-2 - (-17 - -5))).
-11
What is the value of (-6 - -11) + 0 + -5 + 7 - 17?
-10
42 - 15 - (33 - 4)
-2
Evaluate -6 - 0 - (128 - 129).
-5
73 - 63 - (3 + 17)
-10
Evaluate 30 + (-23 - -36 - 40).
3
Evaluate (-5 + 1 - -2) + -3 + 13.
8
What is the value of 14 + (-8 - 10 - -21)?
17
(-8 - -6) + 6 - (3 + (2 - -2))
-3
What is (-517 - -544 - (-12 + 1)) + (-8 - 1)?
29
What is the value of (32 + -26 - 2) + (-9 - 0)?
-5
What is 9 + (-2 - (3 - (14 + -13)))?
5
Calculate -476 - -480 - (1 - -16).
-13
3 + 9 - -20 - (2 + -11) - 11
30
704 - 717 - (0 + -5)
-8
What is 3 - (-4 + -6 - -3) - (-18 + 7)?
21
Evaluate -12 + (11 - 10) + -3 + (0 - 2).
-16
0 - (-3 - (4 - -4)) - (0 + -2)
13
What is 10 + 0 - (21 + -6 + -10 + 15)?
-10
Calculate -5 - 0 - (-2 + (7 - 9)).
-1
Calculate -7 + 2 - (103 + -108).
0
What is -7 - (-6 - 9) - 0 - 2?
6
Calculate (-42 - (52 - 55 - (10 + -2))) + -1.
-32
What is the value of (-1 - (7 - (-3 - 0))) + 34?
23
Calculate -14 - (-38 - -38) - -16.
2
Calculate (-27 - -11) + 4 + -1 + 2.
-11
What is the value of -62 + (-42 - -67) - -24?
-13
What is -25 + 13 - (-7 + (0 - 25))?
20
Calculate (-38 - (0 + -12)) + -3 + 3.
-26
What is the value of 15 + -4 + (76 + -75 - (-7 + 3))?
16
(1 + 2 - 23) + 0 + -3
-23
Calculate (-6 - -13) + 23 + -45.
-15
What is 1 - ((6 - 11) + 5 + 6 + -2)?
-3
(-4 - 1) + 1 + (13 - -22 - 30)
1
What is the value of (2 - (-48 - -32)) + -20?
-2
What is 2 + 0 - (-4 - (12 - 16 - 3))?
-1
What is the value of -249 + 245 - ((-1 - 0 - -1) + 4)?
-8
Calculate (-19 - (-3 + 0)) + (-4 - (-27 + 24)).
-17
What is -3 + -2 + (6 - (4 + 1 + -1))?
-3
Calculate (-11 - -2 - -1) + (-21 - -24).
-5
What is (19 + -2 - 14) + -3 + 12?
12
Calculate (-5 + 2 + 1 - (12 + -5)) + 0.
-9
2 + (-15 - -17 - (-1 + (0 - -10)))
-5
What is the value of (-12 - -7) + 8 - 14?
-11
-2 + (16 + (-9 - -1) - 4)
2
0 + 13 + -82 + 78
9
59 + -63 + -11 + 4
-11
What is -9 + -2 + 26 - (15 - 35)?
35
Calculate (-3 - -10) + -3 + (7 + -2 - -1).
10
0 - -1 - (49 + -40)
-8
13 + (-11 - -12) - 13
1
Calculate 1 - 0 - (15 - 23).
9
7 + -3 - (4 + 0 + -69 + 60)
9
Evaluate -2 + (9 + -1 + 0 - (52 + -50)).
4
Evaluate (10 - (-10 + (30 - 13))) + -6 + -3.
-6
(18 + -24 - 26) + 11
-21
What is 0 - (-2 - (-5 - -12)) - -10?
19
What is (3 - 1) + (-5 - -1) - (-5009 + 5027)?
-20
What is the value of -1461 + 1411 + (33 - 1)?
-18
1 + (27 - 47) - 3
-22
Calculate ((4 - -4) + 1 - 7) + 6 + 0.
8
What is -10 - (-28 + 26 - -4)?
-12
Calculate -29 - -45 - (4 - 13).
25
Evaluate 11 - (3 + -9 + (8 - -7)).
2
Calculate 18 + -44 + 35 + -18.
-9
Evaluate -14 - (-9 - (4 + -8)).
-9
What is the value of (-1 - -6) + 5 + -5 + 1 + 4?
10
Evaluate (-20 - -5) + 29 + -19.
-5
Calculate -26 + 21 - ((8 - -5) + 3).
-21
Evaluate -22 + 61 - (15 - (1 + 1)).
26
Calculate -6 + (-2 - (-9 + -3)) - 2.
2
Evaluate -14 - ((-2 - (-11 - 2)) + -6).
-19
13 - ((21 - 13) + 6)
-1
Calculate -7 - (-10 + (6 - 1)).
-2
What is the value of -6 + (0 - (0 - 7)) + (3 - 3)?
1
What is (-4 - (47 + -25)) + 43?
17
Evaluate 4 + -2 + (-19 - 4 - -6).
-15
What is the value of -20 + 30 - (26 + 1) - 16?
-33
What is 28 + (-17 - -16) + -45?
-18
What is the value of (1 - (11 - 16)) + (3 - 9)?
0
Calculate 4 + (-4 - 5) + 0 + 5 + -7.
-7
What is the value of 6 + (8 - 1) - 10?
3
What is -7 - (-4 + 2 + 2 + 0 - 22)?
15
Calculate -3 - -10 - (3 - -17 - 8).
-5
Evaluate -10 + 5 + -5 - (5 + -6).
-9
Calculate -8 - ((-15 - (-4 + 6)) + 5).
4
Calculate 17 + (7 - (32 + -31)).
23
Evaluate -10 - -12 - (-2 - -7).
-3
Calculate 43 + 0 + (1198 - 1262).
-21
Evaluate 3 - (6 + 6) - (-44 + 35).
0
Calculate (52 + -50 + -9 + 1 - 3) + 17.
8
What is the value of -2 + (5 - (12 - 19 - (-1 + -13)))?
-4
Evaluate 16 + 1 + 2 + (5 - 7) + -4.
13
What is -13 + 2 + -51 + 53?
-9
What is the value of -22 - -1 - (-883 - -885)?
-23
-8 - (-16 - (10 + -6 + 1))
13
-41 - (-27 + (-4 - (-13 - 2)))
-25
What is the value of (-10 - (-3 + 3)) + 15 + -25 + 5?
-15
What is -964 + 956 - (3 - 48)?
37
6 - ((-11 - -6) + 2)
9
Calculate (2 - 7) + (101 - 94).
2
2 + (11 - 6) + (13 - (1 - -4))
15
Evaluate (-11 - (-10 + -6) - 10) + -11.
-16
Calculate -2 + 8 - (2 + 31 - 18) - -11.
2
What is 10 - (5 - (5 + -4 - 7))?
-1
What is (-4 - -17) + -48 + 31?
-4
7 - ((-23 - (-7 + -7)) + 8)
8
What is -7 + (8 - (-7 + 9)) + -8?
-9
-3 + 6 + (6 - (-11 + 21))
-1
Evaluate 0 + -29 - (147 - 167).
-9
What is 5 - -11 - (-7 + 21)?
2
28 + (-18 - -17 - 41)
-14
Calculate 1 + -39 + 47 + -21.
-12
49 + (-1 - (-1 + 1)) + 255 + -265
38
Calculate (-4 - 3) + (-9 - (-8 + 6)).
-14
What is the value of -1 - (10 - 20 - -11)?
-2
What is the value of (-6 + 6 - -2) + -2 + (-1 - 3)?
-4
-8 + (4 - (-2 - -7) - 1 - 4)
-14
What is -14 + 4 + (-20 - -43)?
13
Evaluate (43 - 38) + (2 - (-8 + 0)).
15
Evaluate (-20 - -5 - (13 - 26)) + 8.
6
1 + 13 + -29 + 4
-11
Evaluate (2 + 17 - 19) + -16 + (-3 - 0).
-19
What is (-4 - 2 - (3 + -7 + -1)) + -2?
-3
-7 + 18 + (-37 - -11) - -12
-3
Evaluate (25 - 35) + -1 + -18 + 4.
-25
-13 + -13 + 21 - (1 + 0)
-6
Calculate (1 - 7) + 26 + -26.
-6
Evaluate 8 + 10 - 49 - -11.
-20
What is the value of -14 - (-18 - -5 - -10)?
-11
What is -7 + (10 - (-11 - -8) - 2)?
4
What is (-8 - -1) + (-26 - -25) + (-1 - 2)?
-11
Evaluate (0 - -1) + 24 + (694 - 703).
16
What is the value of (-3 - ((-3 - 3) + 12)) + -15 + 4?
-20
13 + -2 + (255 - 280)
-14
Evaluate (1 - (12 - 5 - 21)) + -5.
10
Evaluate 2 + -25 + 13 + (-9 - 5) + -2.
-26
Evaluate 7 + 11 + (-29 - 27).
-38
Calculate 29 + -15 + 15 + -9 + 1.
21
45 + 25 + -37 + -14 + 4 + -1
22
Calculate -2 + 7 + (-43 - -51).
13
Calculate 3 + -8 + -10 + 6 + 4.
-5
Evaluate 0 - 4 - (-47 + 49).
-6
Evaluate 8 + (-6 - (7 - 6))